{"id":150,"date":"2025-02-20T18:46:56","date_gmt":"2025-02-20T18:46:56","guid":{"rendered":"https:\/\/dci.upt.ro\/site\/?page_id=150"},"modified":"2025-02-26T12:31:55","modified_gmt":"2025-02-26T12:31:55","slug":"analiza-ecosistem-digital-existent","status":"publish","type":"page","link":"https:\/\/dci.upt.ro\/site\/proces\/cercetare-ux-admitere-educatie-august-2024\/analiza-ecosistem-digital-existent\/","title":{"rendered":"Analiza ecosistemului digital existent (cercetare UX, august 2024)"},"content":{"rendered":"\n<div class=\"wp-block-group has-global-padding is-layout-constrained wp-block-group-is-layout-constrained\">\n<p class=\"has-accent-background-color has-background\">Acest articol face parte din seria dedicat\u0103 <a href=\"https:\/\/dci.upt.ro\/site\/proces\/cercetare-ux-admitere-educatie-august-2024\/\" data-type=\"page\" data-id=\"100\">cercet\u0103rii de UX pe procesul de admitere \u0219i oferta educa\u021bional\u0103 a UPT<\/a> din perspectiv\u0103 digital\u0103.<\/p>\n<\/div>\n\n\n\n<p>\u00cen cadrul cercet\u0103rii, a fost analizat ecosistemul digital al UPT, mai exact arhitectura informa\u021bional\u0103 referitoare la procesul de admitere. Analiza eviden\u021biaz\u0103 mai multe deficien\u021be majore: lipsa unui parcurs clar \u00eentre platformele digitale (site-urile facult\u0103\u021bilor, platforma central\u0103 UPT, platformele de admitere \u0219i \u00eenscriere), prezen\u021ba linkurilor nefunc\u021bionale sau eronate, motoare de c\u0103utare deficitare \u0219i structuri \u00eenvechite ale site-urilor, care \u00eengreuneaz\u0103 navigarea.<\/p>\n\n\n\n<p>De asemenea, sunt semnalate probleme precum: lipsa promov\u0103rii clare a informa\u021biilor despre admitere pe paginile principale ale facult\u0103\u021bilor, inconsisten\u021ba prezent\u0103rii informa\u021biilor \u00eentre facult\u0103\u021bi \u0219i solicit\u0103ri multiple din partea facult\u0103\u021bilor pentru refacerea site-urilor. Toate aceste aspecte indic\u0103 un ecosistem digital fragmentat \u0219i neprietenos pentru utilizatori, mai ales pentru candida\u021bii la admitere care \u00eencearc\u0103 s\u0103 se documenteze asupra ofertelor educa\u021bionale.<\/p>\n\n\n\n<div class=\"wp-block-group is-layout-flex wp-block-group-is-layout-flex\">\n<div class=\"wp-block-buttons is-content-justification-left is-layout-flex wp-container-core-buttons-is-layout-fc4fd283 wp-block-buttons-is-layout-flex\">\n<div class=\"wp-block-button has-custom-width wp-block-button__width-100 is-style-fill\"><a class=\"wp-block-button__link wp-element-button\" href=\"https:\/\/uptro29158-my.sharepoint.com\/:b:\/g\/personal\/silviu_vert_upt_ro\/ESn7niZVx6NHkAgrEYi9cBMB1X4Ry0SilZs5sCmLE3sx0Q?e=Ga12Nm\">DESCARC\u0102 ANALIZA ECOSISTEMULUI DIGITAL <\/a><\/div>\n<\/div>\n\n\n\n<p>(acces cu cont institu\u021bional UPT)<\/p>\n<\/div>\n\n\n\n<p>VEZI ECOSISTEM IN MIRO<\/p>\n\n\n\n<div class=\"wp-block-group has-global-padding is-layout-constrained wp-container-core-group-is-layout-7db9d80f wp-block-group-is-layout-constrained\" style=\"padding-right:0;padding-left:0\">\n<p class=\"has-accent-background-color has-background\">Feedback-ul este binevenit la <a href=\"mailto:website@upt.ro\">website@upt.ro<\/a>.<\/p>\n<\/div>\n\n\n\n<p><\/p>\n","protected":false},"excerpt":{"rendered":"<p>\u00cen cadrul cercet\u0103rii, a fost analizat ecosistemul digital al UPT, mai exact arhitectura informa\u021bional\u0103 referitoare la procesul de admitere. Analiza eviden\u021biaz\u0103 mai multe deficien\u021be majore: lipsa unui parcurs clar \u00eentre platformele digitale (site-urile facult\u0103\u021bilor, platforma central\u0103 UPT, platformele de admitere \u0219i \u00eenscriere), prezen\u021ba linkurilor nefunc\u021bionale sau eronate, motoare de c\u0103utare deficitare \u0219i structuri \u00eenvechite ale [&hellip;]<\/p>\n","protected":false},"author":1,"featured_media":0,"parent":100,"menu_order":4,"comment_status":"closed","ping_status":"closed","template":"","meta":{"footnotes":""},"class_list":["post-150","page","type-page","status-publish","hentry"],"_links":{"self":[{"href":"https:\/\/dci.upt.ro\/site\/wp-json\/wp\/v2\/pages\/150","targetHints":{"allow":["GET"]}}],"collection":[{"href":"https:\/\/dci.upt.ro\/site\/wp-json\/wp\/v2\/pages"}],"about":[{"href":"https:\/\/dci.upt.ro\/site\/wp-json\/wp\/v2\/types\/page"}],"author":[{"embeddable":true,"href":"https:\/\/dci.upt.ro\/site\/wp-json\/wp\/v2\/users\/1"}],"replies":[{"embeddable":true,"href":"https:\/\/dci.upt.ro\/site\/wp-json\/wp\/v2\/comments?post=150"}],"version-history":[{"count":6,"href":"https:\/\/dci.upt.ro\/site\/wp-json\/wp\/v2\/pages\/150\/revisions"}],"predecessor-version":[{"id":316,"href":"https:\/\/dci.upt.ro\/site\/wp-json\/wp\/v2\/pages\/150\/revisions\/316"}],"up":[{"embeddable":true,"href":"https:\/\/dci.upt.ro\/site\/wp-json\/wp\/v2\/pages\/100"}],"wp:attachment":[{"href":"https:\/\/dci.upt.ro\/site\/wp-json\/wp\/v2\/media?parent=150"}],"curies":[{"name":"wp","href":"https:\/\/api.w.org\/{rel}","templated":true}]}}