{"id":147,"date":"2025-02-20T18:38:38","date_gmt":"2025-02-20T18:38:38","guid":{"rendered":"https:\/\/dci.upt.ro\/site\/?page_id=147"},"modified":"2025-02-26T12:26:14","modified_gmt":"2025-02-26T12:26:14","slug":"analiza-regulament-admitere","status":"publish","type":"page","link":"https:\/\/dci.upt.ro\/site\/proces\/cercetare-ux-admitere-educatie-august-2024\/analiza-regulament-admitere\/","title":{"rendered":"Analiza regulamentului de admitere (cercetare UX, august 2024)"},"content":{"rendered":"\n<div class=\"wp-block-group has-global-padding is-layout-constrained wp-block-group-is-layout-constrained\">\n<p class=\"has-accent-background-color has-background\">Acest articol face parte din seria dedicat\u0103 <a href=\"https:\/\/dci.upt.ro\/site\/proces\/cercetare-ux-admitere-educatie-august-2024\/\" data-type=\"page\" data-id=\"100\">cercet\u0103rii de UX pe procesul de admitere \u0219i oferta educa\u021bional\u0103 a UPT<\/a> din perspectiv\u0103 digital\u0103.<\/p>\n<\/div>\n\n\n\n<p>\u00cen cadrul cercet\u0103rii, a fost analizat regulamentul de admitere la UPT, eviden\u021biindu-se at\u00e2t aspectele pozitive, c\u00e2t \u0219i cele care necesit\u0103 \u00eembun\u0103t\u0103\u021biri. Ca puncte forte, regulamentul este bine structurat, cu un cuprins detaliat care faciliteaz\u0103 navigarea, \u0219i ofer\u0103 informa\u021bii complete despre toate aspectele procesului de admitere, de la probe p\u00e2n\u0103 la \u00eenscrierea \u0219i confirmarea locului.<\/p>\n\n\n\n<p>Totu\u0219i, analiza identific\u0103 mai multe aspecte problematice, \u00een special din perspectiva candida\u021bilor tineri: limbajul este prea formal \u0219i tehnic, textul este dens \u0219i dificil de parcurs, etapele procesului sunt prezentate \u00eentr-un mod complex, iar informa\u021biile importante sunt fragmentate \u00een diferite sec\u021biuni. Se remarc\u0103 absen\u021ba unei sinteze generale \u0219i a unei prezent\u0103ri clare a etapelor principale, ceea ce face documentul greu de \u00een\u021beles pentru tinerii care nu au experien\u021b\u0103 anterioar\u0103 cu astfel de procese administrative.<\/p>\n\n\n\n<div class=\"wp-block-group is-layout-flex wp-block-group-is-layout-flex\">\n<div class=\"wp-block-buttons is-content-justification-left is-layout-flex wp-container-core-buttons-is-layout-fc4fd283 wp-block-buttons-is-layout-flex\">\n<div class=\"wp-block-button has-custom-width wp-block-button__width-100 is-style-fill\"><a class=\"wp-block-button__link wp-element-button\" href=\"https:\/\/uptro29158-my.sharepoint.com\/:b:\/g\/personal\/silviu_vert_upt_ro\/EXRfs9HWtCRDuLJJt-g_Am0BN2601f9_gKjv4Tc44JwOpQ?e=WgsCPr\">DESCARC\u0102 ANALIZA REGULAMENTULUI DE ADMITERE<\/a><\/div>\n<\/div>\n\n\n\n<p>(acces cu cont institu\u021bional UPT)<\/p>\n<\/div>\n\n\n\n<div class=\"wp-block-group has-global-padding is-layout-constrained wp-container-core-group-is-layout-7db9d80f wp-block-group-is-layout-constrained\" style=\"padding-right:0;padding-left:0\">\n<p class=\"has-accent-background-color has-background\">Feedback-ul este binevenit la <a href=\"mailto:website@upt.ro\">website@upt.ro<\/a>.<\/p>\n<\/div>\n","protected":false},"excerpt":{"rendered":"<p>\u00cen cadrul cercet\u0103rii, a fost analizat regulamentul de admitere la UPT, eviden\u021biindu-se at\u00e2t aspectele pozitive, c\u00e2t \u0219i cele care necesit\u0103 \u00eembun\u0103t\u0103\u021biri. Ca puncte forte, regulamentul este bine structurat, cu un cuprins detaliat care faciliteaz\u0103 navigarea, \u0219i ofer\u0103 informa\u021bii complete despre toate aspectele procesului de admitere, de la probe p\u00e2n\u0103 la \u00eenscrierea \u0219i confirmarea locului. Totu\u0219i, [&hellip;]<\/p>\n","protected":false},"author":1,"featured_media":0,"parent":100,"menu_order":3,"comment_status":"closed","ping_status":"closed","template":"","meta":{"footnotes":""},"class_list":["post-147","page","type-page","status-publish","hentry"],"_links":{"self":[{"href":"https:\/\/dci.upt.ro\/site\/wp-json\/wp\/v2\/pages\/147","targetHints":{"allow":["GET"]}}],"collection":[{"href":"https:\/\/dci.upt.ro\/site\/wp-json\/wp\/v2\/pages"}],"about":[{"href":"https:\/\/dci.upt.ro\/site\/wp-json\/wp\/v2\/types\/page"}],"author":[{"embeddable":true,"href":"https:\/\/dci.upt.ro\/site\/wp-json\/wp\/v2\/users\/1"}],"replies":[{"embeddable":true,"href":"https:\/\/dci.upt.ro\/site\/wp-json\/wp\/v2\/comments?post=147"}],"version-history":[{"count":7,"href":"https:\/\/dci.upt.ro\/site\/wp-json\/wp\/v2\/pages\/147\/revisions"}],"predecessor-version":[{"id":314,"href":"https:\/\/dci.upt.ro\/site\/wp-json\/wp\/v2\/pages\/147\/revisions\/314"}],"up":[{"embeddable":true,"href":"https:\/\/dci.upt.ro\/site\/wp-json\/wp\/v2\/pages\/100"}],"wp:attachment":[{"href":"https:\/\/dci.upt.ro\/site\/wp-json\/wp\/v2\/media?parent=147"}],"curies":[{"name":"wp","href":"https:\/\/api.w.org\/{rel}","templated":true}]}}