{"id":135,"date":"2025-02-20T18:02:32","date_gmt":"2025-02-20T18:02:32","guid":{"rendered":"https:\/\/dci.upt.ro\/site\/?page_id=135"},"modified":"2025-02-26T12:13:23","modified_gmt":"2025-02-26T12:13:23","slug":"introducere-metodologie","status":"publish","type":"page","link":"https:\/\/dci.upt.ro\/site\/proces\/cercetare-ux-admitere-educatie-august-2024\/introducere-metodologie\/","title":{"rendered":"Introducere \u0219i metodologie (cercetare UX, august 2024)"},"content":{"rendered":"\n<div class=\"wp-block-group has-global-padding is-layout-constrained wp-block-group-is-layout-constrained\">\n<p class=\"has-accent-background-color has-background\">Acest articol face parte din seria dedicat\u0103 <a href=\"https:\/\/dci.upt.ro\/site\/proces\/cercetare-ux-admitere-educatie-august-2024\/\" data-type=\"page\" data-id=\"100\">cercet\u0103rii de UX pe procesul de admitere \u0219i oferta educa\u021bional\u0103 a UPT<\/a> din perspectiv\u0103 digital\u0103.<\/p>\n<\/div>\n\n\n\n<p>\u00cen perioada iulie-august 2024, speciali\u0219tii Simina Grindean \u0219i Anca Nistor au realizat o cercetare de UX av\u00e2nd ca scop \u00eembun\u0103t\u0103\u021birea procesului de admitere \u0219i a prezent\u0103rii ofertei educa\u021bionale a Universit\u0103\u021bii Politehnica Timi\u0219oara \u00een contextul refacerii platformei upt.ro. <\/p>\n\n\n\n<p>Cercetarea \u0219i-a propus s\u0103 identifice barierele \u0219i dificult\u0103\u021bile \u00eent\u00e2mpinate de candida\u021bi\/viitorii studen\u021bi \u0219i s\u0103 propun\u0103 solu\u021bii de \u00eembun\u0103t\u0103\u021bire a experien\u021bei utilizatorilor. <\/p>\n\n\n\n<p>Metodologia de cercetare a fost complex\u0103 \u0219i a inclus interviuri cu personalul administrativ, focus grupuri, chestionare adresate candida\u021bilor \u0219i personalului implicat \u00een admitere, analiza materialelor interne \u0219i a documentelor legislative, studierea bunelor practici interna\u021bionale, identificarea de tipologii de utilizatori \u0219i crearea unei h\u0103r\u021bi a provoc\u0103rilor \u0219i nevoilor candida\u021bilor pe etape.<\/p>\n\n\n\n<div class=\"wp-block-group is-layout-flex wp-block-group-is-layout-flex\">\n<div class=\"wp-block-buttons is-content-justification-left is-layout-flex wp-container-core-buttons-is-layout-fc4fd283 wp-block-buttons-is-layout-flex\">\n<div class=\"wp-block-button has-custom-width wp-block-button__width-100 is-style-fill\"><a class=\"wp-block-button__link wp-element-button\" href=\"https:\/\/uptro29158-my.sharepoint.com\/:b:\/g\/personal\/silviu_vert_upt_ro\/EZwiLNwShGFPkcH2rxpurJsB7qWfcX6CHDaW4n16rTNXyg?e=mOIf5q\">DESCARC\u0102 INTRODUCEREA \u0218I METODOLOGIA CERCET\u0102RII<\/a><\/div>\n<\/div>\n\n\n\n<p>(acces cu cont institu\u021bional UPT)<\/p>\n<\/div>\n\n\n\n<div class=\"wp-block-group has-global-padding is-layout-constrained wp-container-core-group-is-layout-7db9d80f wp-block-group-is-layout-constrained\" style=\"padding-right:0;padding-left:0\">\n<p class=\"has-accent-background-color has-background\">Feedback-ul este binevenit la <a href=\"mailto:website@upt.ro\">website@upt.ro<\/a>.<\/p>\n<\/div>\n\n\n\n<p><\/p>\n","protected":false},"excerpt":{"rendered":"<p>\u00cen perioada iulie-august 2024, speciali\u0219tii Simina Grindean \u0219i Anca Nistor au realizat o cercetare de UX av\u00e2nd ca scop \u00eembun\u0103t\u0103\u021birea procesului de admitere \u0219i a prezent\u0103rii ofertei educa\u021bionale a Universit\u0103\u021bii Politehnica Timi\u0219oara \u00een contextul refacerii platformei upt.ro. Cercetarea \u0219i-a propus s\u0103 identifice barierele \u0219i dificult\u0103\u021bile \u00eent\u00e2mpinate de candida\u021bi\/viitorii studen\u021bi \u0219i s\u0103 propun\u0103 solu\u021bii de \u00eembun\u0103t\u0103\u021bire [&hellip;]<\/p>\n","protected":false},"author":1,"featured_media":0,"parent":100,"menu_order":1,"comment_status":"closed","ping_status":"closed","template":"","meta":{"footnotes":""},"class_list":["post-135","page","type-page","status-publish","hentry"],"_links":{"self":[{"href":"https:\/\/dci.upt.ro\/site\/wp-json\/wp\/v2\/pages\/135","targetHints":{"allow":["GET"]}}],"collection":[{"href":"https:\/\/dci.upt.ro\/site\/wp-json\/wp\/v2\/pages"}],"about":[{"href":"https:\/\/dci.upt.ro\/site\/wp-json\/wp\/v2\/types\/page"}],"author":[{"embeddable":true,"href":"https:\/\/dci.upt.ro\/site\/wp-json\/wp\/v2\/users\/1"}],"replies":[{"embeddable":true,"href":"https:\/\/dci.upt.ro\/site\/wp-json\/wp\/v2\/comments?post=135"}],"version-history":[{"count":16,"href":"https:\/\/dci.upt.ro\/site\/wp-json\/wp\/v2\/pages\/135\/revisions"}],"predecessor-version":[{"id":422,"href":"https:\/\/dci.upt.ro\/site\/wp-json\/wp\/v2\/pages\/135\/revisions\/422"}],"up":[{"embeddable":true,"href":"https:\/\/dci.upt.ro\/site\/wp-json\/wp\/v2\/pages\/100"}],"wp:attachment":[{"href":"https:\/\/dci.upt.ro\/site\/wp-json\/wp\/v2\/media?parent=135"}],"curies":[{"name":"wp","href":"https:\/\/api.w.org\/{rel}","templated":true}]}}