{"id":108,"date":"2025-02-20T13:43:59","date_gmt":"2025-02-20T13:43:59","guid":{"rendered":"https:\/\/dci.upt.ro\/site\/?page_id=108"},"modified":"2025-02-26T20:22:16","modified_gmt":"2025-02-26T20:22:16","slug":"rezultate-interviuri-chestionare","status":"publish","type":"page","link":"https:\/\/dci.upt.ro\/site\/proces\/cercetare-ux-admitere-educatie-august-2024\/rezultate-interviuri-chestionare\/","title":{"rendered":"Rezultatele interviurilor \u0219i chestionarelor (cercetare UX, august 2024)"},"content":{"rendered":"\n<div class=\"wp-block-group has-global-padding is-layout-constrained wp-block-group-is-layout-constrained\">\n<p class=\"has-accent-background-color has-background\">Acest articol face parte din seria dedicat\u0103 <a href=\"https:\/\/dci.upt.ro\/site\/proces\/cercetare-ux-admitere-educatie-august-2024\/\" data-type=\"page\" data-id=\"100\">cercet\u0103rii de UX pe procesul de admitere \u0219i oferta educa\u021bional\u0103 a UPT<\/a> din perspectiv\u0103 digital\u0103.<\/p>\n<\/div>\n\n\n\n<p>\u00cen principal, cercetarea privind procesul de admitere s-a bazat pe interviuri \u0219i chestionare adresate candida\u021bilor la licen\u021b\u0103, master, doctorat \u0219i personalului auxiliar. <\/p>\n\n\n\n<p>Cercetarea relev\u0103 c\u0103, de\u0219i exist\u0103 o apreciere pentru digitalizarea procesului, candida\u021bii \u00eent\u00e2mpin\u0103 dificult\u0103\u021bi tehnice cu platforma Enroll (probleme la \u00eenc\u0103rcarea documentelor, erori de sistem), confuzii legate de procesul de admitere (diferen\u021bele \u00eentre taxe, etapele de confirmare) \u0219i frustr\u0103ri cauzate de birocra\u021bie \u0219i lipsa unor informa\u021bii clare \u0219i centralizate.<\/p>\n\n\n\n<p>Sentimentul general al candida\u021bilor variaz\u0103 \u00eentre stres\/anxietate \u0219i satisfac\u021bie\/recuno\u0219tin\u021b\u0103. La licen\u021b\u0103, stresul predomin\u0103 din cauza neclarit\u0103\u021bilor procedurale \u0219i problemelor tehnice, \u00een timp ce la master \u0219i doctorat, candida\u021bii apreciaz\u0103 mai mult digitalizarea procesului, de\u0219i consider\u0103 c\u0103 platforma ar trebui \u00eembun\u0103t\u0103\u021bit\u0103. <\/p>\n\n\n\n<p>Candida\u021bii de la toate nivelurile de studiu \u00ee\u0219i doresc instruc\u021biuni mai clare, un proces mai pu\u021bin birocratic, platforme tehnice mai stabile \u0219i intuitive, \u0219i mai mult\u0103 transparen\u021b\u0103 \u00een evaluare \u0219i comunicare.<\/p>\n\n\n\n<div class=\"wp-block-group is-layout-flex wp-block-group-is-layout-flex\">\n<div class=\"wp-block-buttons is-content-justification-left is-layout-flex wp-container-core-buttons-is-layout-fc4fd283 wp-block-buttons-is-layout-flex\">\n<div class=\"wp-block-button has-custom-width wp-block-button__width-100 is-style-fill\"><a class=\"wp-block-button__link wp-element-button\" href=\"https:\/\/uptro29158-my.sharepoint.com\/:b:\/g\/personal\/silviu_vert_upt_ro\/Edho690g09JNnYVk4L65F5cB7IaWPml6XIppQihegl--Iw?e=HGWxi9\">DESCARC\u0102 REZULTATELE INTERVIURILOR \u0218I CHESTIONARELOR<\/a><\/div>\n<\/div>\n\n\n\n<p>(acces cu cont institu\u021bional UPT)<\/p>\n<\/div>\n\n\n\n<div class=\"wp-block-group has-global-padding is-layout-constrained wp-container-core-group-is-layout-7db9d80f wp-block-group-is-layout-constrained\" style=\"padding-right:0;padding-left:0\">\n<p class=\"has-accent-background-color has-background\">Feedback-ul este binevenit la <a href=\"mailto:website@upt.ro\">website@upt.ro<\/a>.<\/p>\n<\/div>\n\n\n\n<p><\/p>\n","protected":false},"excerpt":{"rendered":"<p>\u00cen principal, cercetarea privind procesul de admitere s-a bazat pe interviuri \u0219i chestionare adresate candida\u021bilor la licen\u021b\u0103, master, doctorat \u0219i personalului auxiliar. Cercetarea relev\u0103 c\u0103, de\u0219i exist\u0103 o apreciere pentru digitalizarea procesului, candida\u021bii \u00eent\u00e2mpin\u0103 dificult\u0103\u021bi tehnice cu platforma Enroll (probleme la \u00eenc\u0103rcarea documentelor, erori de sistem), confuzii legate de procesul de admitere (diferen\u021bele \u00eentre taxe, [&hellip;]<\/p>\n","protected":false},"author":1,"featured_media":0,"parent":100,"menu_order":2,"comment_status":"closed","ping_status":"closed","template":"","meta":{"footnotes":""},"class_list":["post-108","page","type-page","status-publish","hentry"],"_links":{"self":[{"href":"https:\/\/dci.upt.ro\/site\/wp-json\/wp\/v2\/pages\/108","targetHints":{"allow":["GET"]}}],"collection":[{"href":"https:\/\/dci.upt.ro\/site\/wp-json\/wp\/v2\/pages"}],"about":[{"href":"https:\/\/dci.upt.ro\/site\/wp-json\/wp\/v2\/types\/page"}],"author":[{"embeddable":true,"href":"https:\/\/dci.upt.ro\/site\/wp-json\/wp\/v2\/users\/1"}],"replies":[{"embeddable":true,"href":"https:\/\/dci.upt.ro\/site\/wp-json\/wp\/v2\/comments?post=108"}],"version-history":[{"count":13,"href":"https:\/\/dci.upt.ro\/site\/wp-json\/wp\/v2\/pages\/108\/revisions"}],"predecessor-version":[{"id":363,"href":"https:\/\/dci.upt.ro\/site\/wp-json\/wp\/v2\/pages\/108\/revisions\/363"}],"up":[{"embeddable":true,"href":"https:\/\/dci.upt.ro\/site\/wp-json\/wp\/v2\/pages\/100"}],"wp:attachment":[{"href":"https:\/\/dci.upt.ro\/site\/wp-json\/wp\/v2\/media?parent=108"}],"curies":[{"name":"wp","href":"https:\/\/api.w.org\/{rel}","templated":true}]}}